 403, 683 = 5*f + v. List the prime factors of f.
137
Let c(s) = s**3 + 2*s + 1. Let i be c(-2). Let y(n) be the third derivative of n**5/60 + n**4/8 - 4*n**3/3 + 13*n**2. List the prime factors of y(i).
2, 5
List the prime factors of (-4)/(-22) + 4/2 + (-17337053)/(-1529).
11, 1031
Suppose -2*w + 38926 = 3*l - 137903, 18 = 2*w. List the prime factors of l.
58937
Let j be (0 + (-2)/(-4))/(7/1274). Let m = -44 + j. What are the prime factors of m?
47
What are the prime factors of 1457600/110 - 2 - (-6)/66?
13249
Let l(k) = k**2 + k - 66. Let r be l(-9). List the prime factors of 114/76*4/r*699.
3, 233
Suppose -1158 - 5058 = -12*f. Let v = -285 + f. List the prime factors of v.
233
Let z(i) = 43 + 72*i + 9*i - 43*i. What are the prime factors of z(6)?
271
Suppose -4*n + 2*r = -10, -n - 3*r + 6 = -0*n. Suppose 2*q = -q - 3*t - 3, -1 = -5*q - 3*t. What are the prime factors of q - (-1)/(n/126)?
2, 11
Let k(u) = u**2 + 155*u - 1107. List the prime factors of k(7).
3
Suppose -9 = -7*f + 26. Suppose v + 5*o - f = 41, -5*o = 2*v - 107. Let d = 283 - v. List the prime factors of d.
2, 3, 37
Let q be ((-2)/(-4))/(((-12)/(-296))/3). Suppose -2*j + 3*b = -1921, 42*b + 5 = q*b. List the prime factors of j.
7, 137
What are the prime factors of 3/((-24)/(-19784)) - -12?
5, 7, 71
Let c be -3*(-8)/(-12) + 7. Let w(v) = 1 + 3*v + 0 - c + 1. What are the prime factors of w(5)?
2, 3
Let q = -889 + 1938. List the prime factors of q.
1049
Let c(b) = -23*b + 442. Let r be (-105)/(-10) + (1 - 3/6). List the prime factors of c(r).
3, 7
Suppose 1919*o = 1984*o - 2870270. What are the prime factors of o?
2, 22079
Suppose -2*z + 674 = 2*m, m + 1303 = 5*m - 5*z. Let w = m + -107. What are the prime factors of w?
3, 5
Let q = 93 + -85. Suppose 0 = 4*o + 4*n - 16, 3*o = -4*n + q + 5. Let y(g) = 20*g**2 + 2*g + 5. What are the prime factors of y(o)?
191
Suppose 253 = m - p, -4*m - 2*p + 749 = -m. Let q(g) = 13*g**2 + g - 4. Let s be q(3). Let h = m - s. What are the prime factors of h?
3, 5
Suppose -z = x - 12218, -2*z = -88 + 94. What are the prime factors of x?
11, 101
List the prime factors of (-38)/(-95) - ((-10)/25)/(4/55306).
5531
Suppose 0 = 500*i - 510*i + 132560. List the prime factors of i.
2, 1657
Suppose -4*u = -28 - 32. Suppose -d - 4*i = d + 70, -d + 3*i - u = 0. Let o = 102 + d. List the prime factors of o.
3, 5
Suppose -36*w + 23*w + 13 = 0. What are the prime factors of (w/4)/((10/7624)/5)?
953
Let d(c) be the second derivative of 5*c**4/4 - c**3/3 - 2*c**2 + 7*c. Let p be d(3). Let l = -58 + p. List the prime factors of l.
67
Suppose -6*p = 42 - 174. Suppose 0 = -a + 168 + p. List the prime factors of a.
2, 5, 19
Let k = 13653 - 8251. What are the prime factors of k?
2, 37, 73
Let t = -13954 + 57937. What are the prime factors of t?
3, 181
Let z = 926 + -236. Let l be -2*39/(-4)*2980/447. Suppose 4*n - z = -l. List the prime factors of n.
2, 5, 7
Suppose -9*j + 892 = -10*j + 4482. List the prime factors of j.
2, 5, 359
Let x(u) be the first derivative of 1/2*u**2 + 5/2*u**4 - 3*u + 7 - 2/3*u**3. List the prime factors of x(2).
71
Let r be 1/(-2 + (-11115)/(-5556)). Suppose -3*n + r = -5*u, 2474 = 4*n - 0*u - 2*u. What are the prime factors of n?
619
Let z(x) = -3*x**3 - 5 + 2*x**3 - 8 + 8*x**2 + 11. Let f be z(8). Let n = f + 56. List the prime factors of n.
2, 3
Let o be 564/1034*11/2. Suppose 0 = 4*g + 5*b - 238, 2*g + 196 = 5*g - 5*b. Suppose o*p - 49 = -2*i, 14 = -3*i + 4*p + g. List the prime factors of i.
2, 5
Let u = 14 + -16. Let s be u/(-10) - 42/(-15). What are the prime factors of 7/((-87)/30 + s)?
2, 5, 7
List the prime factors of ((-1517)/(-111))/(1/216).
2, 3, 41
Let b(m) = -127*m**3 + 3*m**2 - m**2 + 49*m**3 - 3*m**2 + 2. Let o = -3 - -2. List the prime factors of b(o).
79
Let g(m) = m**3 + 5*m**2 + 6*m + 4. Let i be g(-2). Suppose -i*k = 3*n - 40, 3*k = n + 33 - 3. Let p(r) = 19*r - 12. List the prime factors of p(k).
2, 89
Suppose -2*q + 12867 = 5*o, 23*o + 2578 = 24*o + 5*q. List the prime factors of o.
31, 83
Let f be (4 - 2) + -1 - (3 + -5). What are the prime factors of f/((-216)/16) - 400/(-18)?
2, 11
Let l(y) = -2*y**2 - 18*y - 11. Let f be l(-8). Suppose 4*r + 5 = f*r. Suppose -r*k + 174 = z, 0*z = 2*k + z - 72. What are the prime factors of k?
2, 17
Let w = 125 + -105. Suppose 0 = w*h + 1632 - 15312. What are the prime factors of h?
2, 3, 19
Let o(n) = -4*n**3 - 55*n**2 - 6*n - 45. List the prime factors of o(-17).
2, 1907
What are the prime factors of 15 - 11 - 20 - -9187?
3, 1019
Suppose -6*c + 2*b - 35216 = -7*c, -5*c = 3*b - 176059. What are the prime factors of c?
2, 5, 7, 503
Let f(q) = -q**3 + 4*q**2 + 13*q - 4. Let i be f(6). Let t(r) = r + 1 + i*r + 90*r**2 - r + 2*r. List the prime factors of t(-1).
3, 29
Let g(p) = -p**3 - 13*p**2 - p - 12. Let t be g(-13). Let i be (t - -1)/(10/(-15)). List the prime factors of ((-4)/i)/((-2)/(-144)).
2, 3
Let g(b) = 92*b**3 - 3*b**2 - b + 2. Let m = -6 - -7. Let h be g(m). Let u = 64 + h. List the prime factors of u.
2, 7, 11
Let q = 781 + -781. Let f = 927 + -425. Suppose p + f = 5*o, -4*o + 0*p - p + 398 = q. What are the prime factors of o?
2, 5
List the prime factors of (-552)/(-1)*-6*(-10 - (-595)/60).
2, 3, 23
Suppose 0 = 3*l + 11 + 37. Let i be 1/(2/l) + (6 - 2). List the prime factors of (-1246)/(-8) + i - (-1)/4.
2, 19
Let y(d) = -7 + 9*d**2 + 3*d**2 + 10*d - 13*d**2. Let h be y(9). Suppose -2*n + 178 = 5*r, 80 = h*r - 0*r + 3*n. List the prime factors of r.
2, 17
Let q(r) = 185*r**2 + 4*r + 37. What are the prime factors of q(3)?
2, 857
Let p(z) = -55*z - 5. Let n be p(-2). Let t = n - 55. Let a = 106 - t. List the prime factors of a.
2, 7
Let n(p) = -34*p**3 - 12*p**2 + 5*p - 70. What are the prime factors of n(-7)?
7, 1567
Let a(l) = l**2 - 14*l - 39. Let k be a(-19). Let p = k + -349. Let f = p + -20. What are the prime factors of f?
3, 73
Suppose -2*p - 3*p = -n - 9736, 3*n + 7780 = 4*p. What are the prime factors of p?
2, 487
Let s(h) = -h - 23. Let g(v) = v + 22. Let p(r) = -4*g(r) - 3*s(r). Let t(j) = -j - 18. Let n(i) = -6*p(i) + 5*t(i). List the prime factors of n(-20).
2
Suppose 24 = -3*s + 27. What are the prime factors of s/(-2*6/(-1008))?
2, 3, 7
Suppose 28*c + 93329 = 3*l + 23*c, -4*l - 5*c = -124497. What are the prime factors of l?
2, 15559
What are the prime factors of (-2)/4*(-1500)/(-450)*(-59676)/10?
2, 4973
Suppose 32*a + 7*a - 78 = 0. Suppose -m + 205 = a*n, -4*n + 126 = m - 79. List the prime factors of m.
5, 41
What are the prime factors of (56/44)/(-7) + -12 + 955566/99?
2, 5, 241
Let l(c) = -20*c**2 + c**3 - 2 + 17 + 33 - 58*c. What are the prime factors of l(23)?
7, 43
Let g(v) = 5*v + 8. Let h be g(-8). Let u = h - -34. List the prime factors of (u + 0)/(20/130).
13
Let p(m) = m**3 + 8*m**2 - 8*m - 2. Let n be p(5). List the prime factors of (0 + -2 + 1)*(26 - n).
257
Let d(p) = -5*p**3 - 3*p**2 - 5*p + 10. Let t be (-40)/260 - 63/13. List the prime factors of d(t).
3, 5, 13
Let w be -2*3/18*3 + 0. List the prime factors of -11 + 10 + 376 + (-1)/w.
2, 47
Suppose -39*y = 10*y + 294. List the prime factors of (0 - 4/6) + (-9148)/y.
2, 3, 127
Suppose 31860 = 34*m - 19*m. What are the prime factors of m?
2, 3, 59
Let i = -408 - -410. Let n(d) = -d**3 + d**2 + d + 335. Let y be n(0). Suppose -v - 120 = -s, -2*s - s = i*v - y. List the prime factors of s.
5, 23
Suppose 11*u = 4*n + 7*u - 89312, -3*n + 4*u + 66983 = 0. List the prime factors of n.
3, 827
Let m(t) = -t**3 + 6*t**2 - 21*t - 455. What are the prime factors of m(-20)?
3, 5, 691
Suppose -4*z - 15061 = -3*x, -2*x + 20*z = 15*z - 10029. List the prime factors of x.
11, 457
Suppose 0 = -v + 5*v. Suppose -t + 0*t = 5, -2*l - t + 367 = v. What are the prime factors of l?
2, 3, 31
Let l = -1067 - -1705. Suppose -l + 9358 = 16*g. List the prime factors of g.
5, 109
Suppose 2*t + 4*l - 7442 = 0, 7506 = 2*t - 123*l + 119*l. What are the prime factors of t?
37, 101
Suppose -677 = -29*b + 2600. Suppose 16*v + b = 1201. List the prime factors of v.
2, 17
Suppose -21*d + 18*d = -15. Suppose -1019 = -z - g, -2*z + d*z - g = 3061. Suppose 2*i - z = -8*i. What are the prime factors of i?
2, 3, 17
Suppose -3*a = 2*n - 7469, 26*n - 12451 = -5*a + 22*n. Suppose 8*y + a - 14391 = 0. What are the prime factors